. Let p be 3 + 2/g*(-99)/(-22). Let o(k) = 2 + 4 + k + 0*k. Calculate o(p).
6
Let b(z) be the third derivative of z**8/6720 + z**7/1260 + z**6/720 + z**5/40 + z**4/24 - 11*z**2. Let q(u) be the second derivative of b(u). What is q(-3)?
-9
Let l(d) = -2*d**3 - 2*d**2 - 2. Let y(g) = -g**3 + g**2 - 1. Let i(f) = l(f) - 3*y(f). Determine i(2).
-11
Let y = -74 + 78. Let v(m) = -y*m**2 + 7*m - 70 + 76 + 5*m**2. What is v(-5)?
-4
Let i(m) be the first derivative of 5/2*m**2 + 1/3*m**3 + 2*m - 6. Give i(-5).
2
Let p(f) be the third derivative of -f**8/10080 - f**7/2520 - f**6/720 + f**5/3 + 13*f**2. Let r(m) be the third derivative of p(m). Calculate r(2).
-13
Let b(a) = 2*a**2 - 3. Let i be b(-3). Let g = -12 + i. Suppose -g*s + 3 = -15. Let x(d) = d**2 - 7*d + 7. Calculate x(s).
1
Let u be (-2)/(6/9)*-1. Suppose -u*n = -9*n. Suppose 0 = 3*x - 9, -3*f + n*x + 4*x = 0. Let y(o) = o + 4. Determine y(f).
8
Let h = -155 + 279. Suppose -o - 5*i = -46, -o + h = 3*o + 5*i. Let y = -20 + o. Let d(x) = x**2 - 5*x + 9. Determine d(y).
15
Let z = -7 - -4. Let t(u) be the second derivative of 0 + u**2 + 1/20*u**5 + 20*u + 1/4*u**4 - 1/6*u**3. Give t(z).
5
Let x(a) = -5*a + 3. Let c(h) = 22*h - 14. Let l(j) = -2*c(j) - 9*x(j). Suppose -3*q + 21 = -2*y + 3*y, -2*y = 2*q - 18. Suppose -q = 2*v + 2. Calculate l(v).
-3
Let m(u) = u**2 + 25*u + 4. Let v be m(-25). Let r(a) = -5*a - 2. Determine r(v).
-22
Suppose -3 = -4*w - c, 7*w + 4*c - 12 = 3*w. Suppose -6*h = -24 - w. Let g(u) = u**3 - 5*u**2 + 3*u + 1. Calculate g(h).
-3
Suppose -4*a - 5*d + 3 = -2, d - 17 = -4*a. Let p(m) = -m**3 + 7*m**2 - 9*m - 3. Determine p(a).
2
Let m(o) be the first derivative of o**7/840 + o**6/120 + o**5/60 + o**4/24 + 4*o**3/3 - o - 25. Let f(y) be the third derivative of m(y). Determine f(-3).
-5
Let o(z) = -5*z**2. Suppose 9*l - 12*l = -5*g - 17, 5*g + 25 = -5*l. Give o(l).
-5
Let y(h) = h**2 - 7*h + 7. Let g be (-6 - -7 - -2)/((-4)/(-4)). Calculate y(g).
-5
Suppose -3*x - 3 = -6*x. Let j(y) = -9*y**2 + 7*y - 8. Let r(o) = o**2 - o + 1. Let t(c) = x*j(c) + 6*r(c). What is t(2)?
-12
Let z(c) = 5*c**3 - c**2 - 2*c - 1. Let w be 3/((-4)/(-140)*5). Let o be (1/3)/((-7)/w). Calculate z(o).
-5
Let m(i) = i**3 + 2*i + 4*i**2 + 2*i**2 - 3 + i. Suppose -3*w = -4*k - 51 + 261, 2*k = -3*w + 114. Let c = 49 - k. Calculate m(c).
7
Let p(o) = -o**3 + 6*o**2 - 6. Let f be p(6). Suppose -4*u + 11 = w, -8*w = u - 3*w - 17. Let m(l) = 9*l**2 - 3*l**u + 7*l - 5*l**2 + 8. Calculate m(f).
2
Let i(f) = -7*f + 2. Let p(x) = 2*x**2 + 6*x - 5. Let k be p(-4). Suppose 0*j - 2*j + k*s = -64, 182 = 5*j - 2*s. Let u = -40 + j. What is i(u)?
16
Let c(j) be the third derivative of -2/3*j**3 - 4*j**2 + 1/6*j**4 + 0*j + 0. Calculate c(4).
12
Let w(z) = -4*z + 3*z + 2*z - 7 + 0*z. Suppose -2*p - 12 = -6*p. Let x be 2/6*4*p. What is w(x)?
-3
Suppose 12*x - 6*x = 60. Let y(v) = -4*v + 47. Let s be y(x). Let k(i) be the first derivative of i**3/3 - 7*i**2/2 + 5*i - 1. Determine k(s).
5
Let c(u) = 2*u**2 - 3*u - 3. Let w(j) = -3*j - 9. Let s be w(-9). Suppose -s*p = -13*p + 10. What is c(p)?
11
Let l(z) = -2*z + 33. Let c be l(25). Let j(p) = -p**3 - 17*p**2 + p + 23. Determine j(c).
6
Let s(v) = -4*v + 1. Let h = -399 - -394. Determine s(h).
21
Let x be (-1 - -39)/((3 - 0) + -1). Let n be (-1 - -1)/(-20 + x). Let g(d) = -d**3 + d + 15. Calculate g(n).
15
Let f(k) = k**3 - 5*k**2 - 6*k**2 + 8 + 6*k**2 - 3*k**2 + 6*k. Determine f(7).
1
Let b(s) = 2*s**3 + 10*s**2 + s + 7. Let x(u) = -3*u**3 - 12*u**2 - 2*u - 9. Let h(g) = -4*b(g) - 3*x(g). Calculate h(4).
7
Let d(m) be the second derivative of 7/6*m**3 + 10*m + 0 - 1/2*m**2 - 1/12*m**4. What is d(7)?
-1
Suppose f - 7 = 2*f - 5*d, 28 = -4*f + 2*d. Let j(z) be the third derivative of z**6/120 + z**5/10 - 5*z**4/24 + 5*z**3/3 - 3*z**2 + 2. Give j(f).
-4
Let g(y) be the third derivative of y**4/4 + 4*y**2. Let h be g(1). Let b(k) be the second derivative of k**3/6 + 3*k**2/2 + k. Calculate b(h).
9
Let p(l) = -2*l + 1. Suppose -4*x = -11*x + 49. Let k(c) be the second derivative of c**4/12 - 7*c**3/6 + 3*c**2/2 - 2*c. Let m be k(x). Give p(m).
-5
Let q(n) be the first derivative of n**5/120 - n**4/8 - 2*n**3/3 + 44. Let p(c) be the third derivative of q(c). Calculate p(0).
-3
Let c(w) = -87 + w + 0*w + 3*w**2 + 86 - 4*w**2 + 2*w**2. Give c(2).
5
Let x(y) = y**3 - 16*y**2 + 15*y - 6. Let h(n) = n + 29. Let p be h(-14). Give x(p).
-6
Let u be 0 + -4 + 6 + 0. Let m(p) be the second derivative of -p**3 + p**2/2 - 3*p. What is m(u)?
-11
Let i be (2 + -11)*(-27)/243. Let y(b) = -27*b**2 + b. Calculate y(i).
-26
Let s = 2 + 1. Suppose 4*h - 12 = -g, 0 = -s*g + 2*g - 3*h + 16. Let u be -3 - (-7)/(g/(-8)). Let t(i) = i**2 + 8*i + 6. Determine t(u).
-9
Suppose -s - 3*s + 12 = 0. Let p(h) = 2*h + s*h**2 + 0*h**2 + 1 + 2*h**2. Suppose 2*m = b - 6, 4*m + 4*b - 13 = -1. Calculate p(m).
4
Suppose p - 3*p + 22 = 0. Suppose 13*b - 18*b - 6 = -2*k, b = -2*k + 6. Let c(q) = -6*q + k + p*q - 7*q + q**2. Determine c(4).
11
Let n(z) be the first derivative of -z + 3/2*z**2 - 1/3*z**3 + 4. Let v = 38 + -35. Calculate n(v).
-1
Let s(i) = 946*i**2 + 942*i**2 - 1891*i**2 + 5*i - 4. Calculate s(3).
-16
Let l(x) = x**2 - 11*x + 25. Suppose -5*g + 45 = 5*d, -26 = -5*g - 36. Calculate l(d).
25
Let q be (-16)/(1280/(-84)) + -1. Let l(d) be the second derivative of 1/3*d**3 - 1/6*d**4 - q*d**5 - 1/2*d**2 + 0 + 7*d. Determine l(1).
-2
Let d(u) be the second derivative of u**4/2 - u**3/3 + u**2/2 - 55*u - 4. Give d(1).
5
Let b(w) = w**2 + 6*w + 2. Let q = -15 - -37. Suppose 4*z = -q + 2. Calculate b(z).
-3
Suppose 2*q - 26 = -2*k, 3*k - 10*q = -6*q + 4. Let o(z) be the third derivative of z**5/60 - 3*z**4/8 + z**3/6 - 5*z**2. Determine o(k).
-7
Let q = 23 - 24. Let w(u) = -9*u - 4. Let f be w(q). Let z(b) = -b**2 + f*b - 6*b - b + 5. Calculate z(-4).
-3
Let c be (10/4)/(60/48). Let j(v) = 4*v - 6. Give j(c).
2
Let s(u) be the first derivative of 3*u**4/4 + u**3/3 - u**2/2 + 62. Calculate s(2).
26
Let l(p) be the second derivative of -p**5/20 - 5*p**4/6 + 7*p**3/6 + 6*p**2 - 442*p. Calculate l(-11).
56
Let x(a) = -a**2 + 9*a + 10. Let w be x(8). Suppose -v - 2*v - w = 0. Let p(f) = 0*f**2 + 5*f + 0*f + f**2 - 2. Give p(v).
4
Let b(i) be the first derivative of 5*i**2/2 + 3*i + 60. Determine b(-2).
-7
Let c(v) = -v**3 - 4*v**2 + 1. Suppose 0 = -5*g + 2*y + 30, -2*g = -0*g - 4*y - 12. Let a be (9/g)/(10/(-20)). Determine c(a).
-8
Let s be (-36)/126 + (145/(-7))/1. Let u be (54/(-21) - (-9)/s) + 1. Let c(x) = 2*x + 3. Give c(u).
-1
Suppose 2*s = 2*a + 58, -9*a + 97 = -12*a + 5*s. Let c = 23 + a. Let g(f) be the third derivative of f**5/15 - f**4/24 + f**2. Determine g(c).
5
Let v(n) = -24*n**3 - 19*n**3 - 10*n**2 + 44*n**3 + 4*n - 2. What is v(10)?
38
Let l be (-2 + 0)*2/(-2). Suppose -3*v - l*v - 5 = 0. Let d = 2 - v. Let t(f) = -f**2 + 3*f - 4. Calculate t(d).
-4
Let p(m) = 2*m**2 + 3*m + 1. Let j(a) = a**2 + 2*a - 10. Let d be j(-5). Suppose 15*x + 60 = -d*x. What is p(x)?
10
Let v(h) be the first derivative of -h**3/3 - 3*h**2/2 + 4*h - 1. Let y(s) = 25*s - 5. Let m be y(0). Determine v(m).
-6
Suppose 4*f - i - 14 = 0, -2 + 14 = 2*f + 2*i. Suppose -2*a + 12 = f*a. Let w(q) = q**3 - 2*q**2 + 2*q. What is w(a)?
4
Let a(c) = 15*c - 5 - 14*c + 2 + 6. Calculate a(-16).
-13
Suppose -3*k + 12 = 126. Let h = k - -42. Let n(o) = o**2 + 4*o - 4 + h + 2. Determine n(-6).
14
Let k(o) be the second derivative of -o**4/12 + 4*o**3/3 - 5*o**2/2 + o. Let t = -5 + 10. Let q be (6/(-8))/(t/(-40)). What is k(q)?
7
Let c(w) = -3*w**3 - 5*w + w**3 + w**2 - 2 + 3*w**3 + 0*w**3. Suppose -3 = d - 0. Let a be c(d). Let b(t) = t**2 + 6*t - 1. Give b(a).
-6
Let r(j) = -j + 1. Let f be r(-2). Let g be 3/f + (-14)/(2 - 0). Let m(x) = -1. Let k(l) = l - 2. Let t(c) = -k(c) - 5*m(c). What is t(g)?
13
Let f(b) = -6*b + 28. Let a(k) = -5*k + 26. Let d(n) = 7*a(n) - 6*f(n). Determine d(-10).
4
Suppose 24*w = 21*w - 9. Let p = 10 + -5. Let s(y) = y + 2 + p*y**3 - 4*y**3 + 4*y**2 - 2*y. Determine s(w).
14
Let a(m) = m - 16. Suppose u + h = -3*h - 8, -5*u = 5*h + 25. Let x(g) = -5 + 12 - 4 - 4. Let p(i) = u*x(i) + a(i). What is p(0)?
-12
Let m = -60 - -75. Let x(c) = 20*c - 5 - m*c + 4. Give x(1).
4
Let w = 4 - 8. Let q(r) be the third deriv